and 28?
4
What is the greatest common divisor of 630 and 403074?
126
Calculate the greatest common factor of 301886 and 221.
221
Calculate the greatest common divisor of 294450 and 6.
6
What is the highest common divisor of 971245 and 275?
55
What is the highest common factor of 138142 and 27166?
578
What is the highest common factor of 1372 and 114520?
28
What is the highest common factor of 696 and 2813?
29
What is the highest common factor of 986496 and 336?
336
Calculate the highest common divisor of 806 and 36766.
62
What is the highest common factor of 5831760 and 24?
24
What is the highest common divisor of 365694 and 1512?
42
Calculate the greatest common factor of 389 and 187.
1
What is the greatest common divisor of 2450 and 18550?
350
What is the greatest common divisor of 375 and 131375?
125
Calculate the highest common divisor of 66038 and 42.
14
What is the greatest common divisor of 390488 and 456?
152
What is the greatest common divisor of 19145 and 1281?
7
What is the greatest common factor of 980916 and 24?
12
What is the greatest common factor of 9 and 70410?
3
What is the highest common factor of 223444 and 26?
26
Calculate the highest common factor of 18 and 12159.
9
What is the greatest common divisor of 9 and 118269?
9
What is the greatest common divisor of 182 and 1203501?
13
What is the greatest common factor of 75755 and 26705?
545
Calculate the highest common factor of 1295358 and 12.
6
What is the greatest common divisor of 53821 and 3521?
503
What is the greatest common factor of 11586943 and 971?
971
Calculate the greatest common divisor of 1002182 and 2802.
934
What is the highest common divisor of 40 and 129580?
20
Calculate the greatest common factor of 7 and 13860.
7
What is the highest common divisor of 11644 and 9372?
284
Calculate the greatest common factor of 32319 and 4389.
399
What is the highest common divisor of 1613985 and 15?
15
Calculate the greatest common factor of 4551258 and 1314.
438
Calculate the greatest common divisor of 2044 and 12908.
28
Calculate the greatest common factor of 2142 and 1890.
126
Calculate the greatest common divisor of 18 and 419346.
18
Calculate the highest common divisor of 225940 and 117.
13
What is the highest common factor of 834 and 57824?
278
Calculate the highest common divisor of 258505 and 6929.
533
Calculate the highest common factor of 58 and 2646.
2
What is the greatest common factor of 30564 and 7830?
54
What is the greatest common divisor of 26 and 18499?
13
What is the greatest common factor of 1864272 and 80?
16
What is the greatest common divisor of 6876 and 18527?
191
Calculate the highest common factor of 48 and 98608.
16
What is the highest common divisor of 98326 and 1631?
233
Calculate the greatest common factor of 545 and 1961237.
109
Calculate the greatest common divisor of 5694 and 54.
6
Calculate the greatest common factor of 34132 and 848.
212
Calculate the highest common divisor of 15123 and 1065.
213
Calculate the highest common divisor of 190 and 179530.
10
Calculate the highest common factor of 46214 and 56.
14
Calculate the highest common divisor of 2009 and 784.
49
Calculate the greatest common divisor of 295857 and 926.
463
What is the greatest common factor of 103321 and 554?
277
What is the highest common divisor of 141 and 7849?
47
Calculate the highest common divisor of 55 and 175549.
11
What is the highest common factor of 39 and 1029886?
13
What is the highest common divisor of 7580 and 38340?
20
Calculate the highest common factor of 122 and 156038.
122
What is the greatest common divisor of 24786 and 2958?
102
Calculate the greatest common divisor of 825 and 924.
33
Calculate the highest common factor of 76690 and 1470.
10
Calculate the highest common divisor of 60739 and 14.
7
Calculate the highest common divisor of 61410 and 1035.
345
What is the greatest common divisor of 4539 and 23715?
51
What is the greatest common factor of 4564 and 5053?
163
Calculate the greatest common factor of 196 and 10346.
14
Calculate the highest common divisor of 1536273 and 135.
27
What is the highest common divisor of 80256 and 11?
11
What is the greatest common divisor of 558960 and 714?
102
What is the greatest common factor of 38108 and 28?
28
Calculate the highest common factor of 1472 and 123096.
184
What is the highest common factor of 89994 and 89428?
566
Calculate the greatest common factor of 174 and 43674.
174
Calculate the greatest common factor of 12190 and 72910.
230
What is the greatest common divisor of 204989 and 359?
359
Calculate the highest common factor of 58183 and 17525.
701
What is the highest common factor of 349366 and 17070?
1138
Calculate the greatest common divisor of 580 and 67715.
145
Calculate the highest common divisor of 358 and 2888523.
179
Calculate the greatest common divisor of 88315 and 85.
85
Calculate the highest common factor of 42 and 80619.
21
Calculate the highest common divisor of 17974 and 5762.
86
What is the highest common factor of 439290 and 120?
30
Calculate the highest common divisor of 296984 and 24.
8
What is the highest common factor of 237 and 1556853?
237
What is the highest common factor of 7077 and 18198?
1011
Calculate the greatest common divisor of 36 and 13023.
9
Calculate the highest common divisor of 29172 and 11544.
156
What is the greatest common divisor of 3937 and 115697?
127
Calculate the greatest common divisor of 122682 and 115.
23
What is the greatest common divisor of 1117 and 9?
1
What is the highest common factor of 65526 and 5427?
201
Calculate the highest common divisor of 39 and 15665.
13
Calculate the highest common factor of 81 and 222021.
81
What is the greatest common factor of 271881 and 1071?
153
Calculate the greatest common factor of 182663 and 39.
13
Calculate the greatest common factor of 104500 and 1320.
220
What is the greatest common factor of 4136992 and 160?
32
Calculate the highest common divisor of 2646 and 5130.
54
Calculate the highest common divisor of 4740 and 840.
60
What is the greatest common factor of 585 and 195858?
117
What is the greatest common factor of 11277046 and 22?
22
Calculate the greatest common divisor of 3185 and 685.
5
Calculate the highest common divisor of 4 and 48374.
2
Calculate the highest common divisor of 41120 and 144.
16
Calculate the highest common factor of 48372 and 4524.
348
Calculate the greatest common divisor of 136 and 2080.
8
What is the greatest common factor of 83079 and 40851?
459
What is the highest common divisor of 12667 and 478?
239
What is the greatest common factor of 254 and 3284093?
127
What is the greatest common divisor of 50 and 255050?
50
Calculate the greatest common factor of 35187 and 19203.
111
Calculate the highest common factor of 190 and 96995.
95
Calculate the greatest common factor of 75 and 13671825.
75
Calculate the highest common divisor of 3664 and 762.
2
Calculate the greatest common factor of 108180 and 1620.
180
Calculate the highest common factor of 60 and 921012.
12
Calculate the greatest common factor of 15996 and 217.
31
What is the highest common factor of 88642 and 2944?
46
What is the highest common divisor of 145 and 445?
5
What is the greatest common factor of 115972 and 3670?
734
Calculate the greatest common factor of 545482 and 1316.
658
Calculate the greatest common factor of 2668 and 106904.
92
Calculate the greatest common factor of 19408 and 64.
16
What is the highest common factor of 96871 and 1387?
73
Calculate the greatest common factor of 636 and 2063502.
318
Calculate the highest common divisor of 619286 and 3268.
1634
Calculate the greatest common factor of 42408 and 246202.
1178
Calculate the greatest common divisor of 11494 and 602.
14
Calculate the highest common factor of 5044 and 482963.
1261
What is the highest common factor of 4249 and 103190?
607
What is the greatest common factor of 80 and 2901580?
20
What is the highest common divisor of 154 and 1151227?
77
Calculate the greatest common factor of 526783 and 124.
31
Calculate the greatest common divisor of 49873 and 477.
53
What is the highest common factor of 472230 and 594?
594
Calculate the highest common factor of 104 and 443378.
26
What is the greatest common divisor of 308 and 325402?
154
Ca